r when 77326 is divided by 365?
311
What is the remainder when 1400 is divided by 339?
44
What is the remainder when 186091 is divided by 667?
665
What is the remainder when 2267 is divided by 663?
278
Calculate the remainder when 106772 is divided by 1078.
50
Calculate the remainder when 992 is divided by 750.
242
Calculate the remainder when 861 is divided by 414.
33
Calculate the remainder when 161556 is divided by 1188.
1176
What is the remainder when 107171 is divided by 36?
35
What is the remainder when 7382 is divided by 295?
7
What is the remainder when 5770 is divided by 1903?
61
Calculate the remainder when 48967 is divided by 5.
2
What is the remainder when 145253 is divided by 33?
20
What is the remainder when 165141 is divided by 843?
756
What is the remainder when 760 is divided by 755?
5
What is the remainder when 6778 is divided by 673?
48
What is the remainder when 66246 is divided by 51?
48
Calculate the remainder when 982 is divided by 296.
94
What is the remainder when 198917 is divided by 745?
2
What is the remainder when 7353 is divided by 55?
38
Calculate the remainder when 215602 is divided by 19594.
68
What is the remainder when 7528 is divided by 1042?
234
Calculate the remainder when 770 is divided by 35.
0
Calculate the remainder when 3526 is divided by 351.
16
Calculate the remainder when 375 is divided by 332.
43
Calculate the remainder when 56212 is divided by 748.
112
What is the remainder when 825 is divided by 32?
25
Calculate the remainder when 1656 is divided by 224.
88
What is the remainder when 1494981 is divided by 668?
665
Calculate the remainder when 22027 is divided by 1473.
1405
Calculate the remainder when 822267 is divided by 7.
5
What is the remainder when 25081 is divided by 47?
30
Calculate the remainder when 398810 is divided by 20.
10
Calculate the remainder when 1149 is divided by 614.
535
Calculate the remainder when 2544 is divided by 2544.
0
What is the remainder when 348865 is divided by 817?
6
Calculate the remainder when 39632 is divided by 2203.
2181
What is the remainder when 2581 is divided by 258?
1
Calculate the remainder when 1357 is divided by 1120.
237
Calculate the remainder when 38444 is divided by 144.
140
Calculate the remainder when 2027 is divided by 51.
38
Calculate the remainder when 1675 is divided by 139.
7
What is the remainder when 4572 is divided by 775?
697
Calculate the remainder when 4538 is divided by 1474.
116
Calculate the remainder when 194484 is divided by 680.
4
What is the remainder when 2719 is divided by 2535?
184
What is the remainder when 226070 is divided by 283?
236
Calculate the remainder when 92472 is divided by 323.
94
Calculate the remainder when 10548 is divided by 10539.
9
Calculate the remainder when 195958 is divided by 218.
194
What is the remainder when 1299843 is divided by 115?
113
Calculate the remainder when 10074 is divided by 2527.
2493
What is the remainder when 255943 is divided by 42?
37
What is the remainder when 695564 is divided by 695562?
2
What is the remainder when 27605 is divided by 1838?
35
Calculate the remainder when 5743 is divided by 715.
23
What is the remainder when 55673 is divided by 1504?
25
What is the remainder when 7327692 is divided by 502?
500
What is the remainder when 157894 is divided by 24?
22
What is the remainder when 13553 is divided by 399?
386
What is the remainder when 46780 is divided by 1734?
1696
Calculate the remainder when 3830 is divided by 1775.
280
What is the remainder when 36399 is divided by 383?
14
Calculate the remainder when 7638 is divided by 7501.
137
What is the remainder when 1155 is divided by 112?
35
Calculate the remainder when 40867 is divided by 8.
3
Calculate the remainder when 4964 is divided by 1504.
452
What is the remainder when 219969 is divided by 62?
55
What is the remainder when 136 is divided by 26?
6
Calculate the remainder when 71320 is divided by 443.
440
What is the remainder when 17710 is divided by 770?
0
What is the remainder when 2305 is divided by 384?
1
What is the remainder when 806469 is divided by 9?
6
What is the remainder when 518 is divided by 199?
120
What is the remainder when 204 is divided by 88?
28
What is the remainder when 3010 is divided by 235?
190
Calculate the remainder when 200 is divided by 20.
0
What is the remainder when 279507 is divided by 44?
19
Calculate the remainder when 2512 is divided by 257.
199
What is the remainder when 8169 is divided by 141?
132
What is the remainder when 42844 is divided by 103?
99
What is the remainder when 6862 is divided by 2855?
1152
Calculate the remainder when 195807 is divided by 3108.
3
Calculate the remainder when 39623 is divided by 385.
353
What is the remainder when 743498 is divided by 81?
80
Calculate the remainder when 12126 is divided by 48.
30
What is the remainder when 3211 is divided by 102?
49
Calculate the remainder when 23891 is divided by 44.
43
What is the remainder when 23210 is divided by 63?
26
Calculate the remainder when 38517 is divided by 57.
42
Calculate the remainder when 232643 is divided by 634.
599
What is the remainder when 42649 is divided by 60?
49
Calculate the remainder when 931 is divided by 285.
76
What is the remainder when 236434 is divided by 48?
34
Calculate the remainder when 2985 is divided by 37.
25
What is the remainder when 27026 is divided by 510?
506
What is the remainder when 22012 is divided by 7337?
1
Calculate the remainder when 7685 is divided by 140.
125
Calculate the remainder when 5168 is divided by 307.
256
What is the remainder when 1863536 is divided by 4?
0
What is the remainder when 173273 is divided by 190?
183
Calculate the remainder when 2692 is divided by 858.
118
What is the remainder when 49170 is divided by 656?
626
What is the remainder when 271553 is divided by 62?
55
Calculate the remainder when 3481 is divided by 56.
9
Calculate the remainder when 3360 is divided by 59.
56
Calculate the remainder when 66033 is divided by 482.
481
What is the remainder when 263773 is divided by 62?
25
What is the remainder when 80433 is divided by 366?
279
What is the remainder when 5485 is divided by 49?
46
Calculate the remainder when 3816 is divided by 232.
104
What is the remainder when 19078 is divided by 1355?
108
What is the remainder when 1220 is divided by 930?
290
Calculate the remainder when 50945 is divided by 21.
20
Calculate the remainder when 76364 is divided by 37.
33
What is the remainder when 28412 is divided by 14190?
32
Calculate the remainder when 10646 is divided by 424.
46
What is the remainder when 2328 is divided by 113?
68
Calculate the remainder when 113849 is divided by 10349.
10
Calculate the remainder when 12035 is divided by 524.
507
What is the remainder when 1128 is divided by 137?
32
Calculate the remainder when 100682 is divided by 77.
43
Calculate the remainder when 41888 is divided by 399.
392
What is the remainder when 2374 is divided by 126?
106
What is the remainder when 38133 is divided by 259?
60
Calculate the remainder when 5557 is divided by 8.
5
Calculate the remainder when 91507 is divided by 10149.
166
What is the remainder when 27958 is divided by 1600?
758
What is the remainder when 17259 is divided by 5351?
1206
Calculate the remainder when 5701 is divided by 199.
129
Calculate the remainder when 184679 is divided by 184679.
0
Calculate the remainder when 44946 is divided by 17.
15
Calculate the remainder when 5757 is divided by 957.
15
What is the remainder when 368732 is divided by 73?
9
Calculate the remainder when 11235 is divided by 338.
81
What is the remainder when 152405 is divided by 120?
5
Calculate the remainder when 49639 is divided by 1155.
1129
Calculate the remainder when 5960 is divided by 739.
48
What is the remainder when 24855 is divided by 6213?
3
What is the remainder when 1984 is divided by 77?
59
What is the remainder when 869 is divided by 4?
1
What is the remainder when 9320 is divided by 3016?
272
What is the remainder when 16593 is divided by 488?
1
Calculate the remainder when 140 is divided by 64.
12
Calculate the remainder when 16101 is divided by 213.
126
Calculate the remainder when 7743 is divided by 39.
21
Calculate the remainder when 4224581 is divided by 91.
